{"id":1147,"date":"2020-09-23T10:33:38","date_gmt":"2020-09-23T08:33:38","guid":{"rendered":"http:\/\/technologie-sciarretta.ovh\/?page_id=1147"},"modified":"2023-12-05T12:28:17","modified_gmt":"2023-12-05T11:28:17","slug":"progression-3eme","status":"publish","type":"page","link":"https:\/\/technologie-sciarretta.ovh\/?page_id=1147","title":{"rendered":"Progression 3\u00e8me"},"content":{"rendered":"\r\n<p>Voici le d\u00e9roulement du programme de 3\u00e8me. Pour des raisons pratiques, l&#8217;ordre des s\u00e9quences peut \u00e9voluer.<\/p>\r\n\r\n\r\n\r\n<p class=\"has-medium-font-size\"><span style=\"color: #ff0000;\"><strong><span class=\"has-inline-color has-vivid-red-color\">1\/ Projet Fus\u00e9e<\/span><\/strong><\/span><\/p>\r\n\r\n\r\n\r\n<p><strong>Points forts :<\/strong> Interdisciplinarit\u00e9 avec les sciences physiques. Travail en groupe de 3 ou 4 \u00e9l\u00e8ves, 1 chef d&#8217;\u00e9quipe. CAO et impression 3D. Utilisation de SolidWorks 3D. Sortie &#8220;lancement des fus\u00e9es&#8221;<\/p>\r\n\r\n\r\n\r\n<p><strong>Dur\u00e9e \u00e0 titre indicatif :<\/strong> 13 s\u00e9ances en groupe.<\/p>\r\n\r\n\r\n\r\n<p><strong>D\u00e9roul\u00e9 de la s\u00e9quence :<\/strong> Croquis, r\u00e9alisation d&#8217;un plan 2D, rappel ou formation sur Solidworks, fonctions et solutions, conception 3D de la fus\u00e9e, impression 3D de l&#8217;ogive, r\u00e9alisation du parachute, d\u00e9coupe des tubes et des ailerons, assemblage de l&#8217;ensemble, mise en peinture, test de validation, lancements des fus\u00e9es, synth\u00e8se.<\/p>\r\n\r\n\r\n\r\n<p><strong>Evaluations associ\u00e9es :<\/strong> Plan de la fus\u00e9e, Fonctions de la fus\u00e9e, CAO de la fus\u00e9e, R\u00e9alisation de la fus\u00e9e, Autonomie et investissement personnel, synth\u00e8se<\/p>\r\n\r\n\r\n\r\n<p><strong>Comp\u00e9tences associ\u00e9es :<\/strong> \u00bb Identifier un besoin et \u00e9noncer un probl\u00e8me technique, identifier les conditions, contraintes (normes et r\u00e8glements) et ressources correspondantes.<br \/>\u00bb Identifier le(s) mat\u00e9riau(x), les flux d\u2019\u00e9nergie et d\u2019information dans le cadre d\u2019une production technique sur un objet et d\u00e9crire les transformations qui s\u2019op\u00e8rent.<br \/>\u00bb S\u2019approprier un cahier des charges.<br \/>\u00bb Associer des solutions techniques \u00e0 des fonctions.<br \/>\u00bb Imaginer des solutions en r\u00e9ponse au besoin.<br \/>\u00bb R\u00e9aliser, de mani\u00e8re collaborative, le prototype de tout ou partie d\u2019un objet pour valider une solution<br \/>\u00bb Exprimer sa pens\u00e9e \u00e0 l\u2019aide d\u2019outils de description adapt\u00e9s : croquis, sch\u00e9mas, graphes,<br \/>diagrammes, tableaux (repr\u00e9sentations non norm\u00e9es).<br \/>\u00bb Traduire, \u00e0 l\u2019aide d\u2019outils de repr\u00e9sentation num\u00e9rique, des choix de solutions sous forme de croquis, de dessins ou de sch\u00e9mas.<br \/>\u00bb Simuler num\u00e9riquement la structure et\/ou le comportement d\u2019un objet.<br \/>\u00bb Organiser, structurer et stocker des ressources num\u00e9riques.<br \/>\u00bb Lire, utiliser et produire des repr\u00e9sentations num\u00e9riques d\u2019objets.<\/p>\r\n\r\n\r\n\r\n<p><em><strong>Articles associ\u00e9s :<\/strong><\/em> <em><a href=\"https:\/\/technologie-sciarretta.ovh\/?cat=23\" target=\"_blank\" rel=\"noreferrer noopener\">articles sur le projet fus\u00e9e<\/a><\/em><\/p>\r\n\r\n\r\n\r\n<p class=\"has-medium-font-size\"><span style=\"color: #ff0000;\"><strong><span class=\"has-inline-color has-vivid-red-color\">2\/ Etude de dossiers techniques &#8211; syst\u00e8mes automatis\u00e9s<\/span><\/strong><\/span><\/p>\r\n\r\n\r\n\r\n<p><strong>Points forts :<\/strong> Travail en bin\u00f4me. Exercices sur les syst\u00e8mes automatis\u00e9s de type brevet. Actionneurs, capteurs, cha\u00eene d&#8217;informations et d&#8217;\u00e9nergies, co\u00fbt, solutions techniques&#8230;<\/p>\r\n\r\n\r\n\r\n<p><strong>Dur\u00e9e \u00e0 titre indicatif :<\/strong> 10 s\u00e9ances<\/p>\r\n\r\n\r\n\r\n<p><strong>D\u00e9roul\u00e9 de la s\u00e9quence :<\/strong> s\u00e9ries d&#8217;\u00e9tudes de dossiers techniques ou de brevets blancs. Travail en bin\u00f4me. Correction en classe enti\u00e8re. Rappel du cours avant chaque exercice. Pr\u00e9paration au brevet.<\/p>\r\n\r\n\r\n\r\n<p><strong>Evaluations associ\u00e9es :<\/strong> selon l&#8217;avanc\u00e9e, <a href=\"https:\/\/technologie-sciarretta.ovh\/?p=781\">un ou deux dossiers type &#8220;brevet&#8221;<\/a> de la liste par trimestre<\/p>\r\n\r\n\r\n\r\n<p><strong>Comp\u00e9tences associ\u00e9es :<\/strong> \u00bb Regrouper des objets en familles et lign\u00e9es.<br \/>\u00bb Relier les \u00e9volutions technologiques aux inventions et innovations qui marquent des ruptures dans les solutions techniques.<br \/>\u00bb D\u00e9crire, en utilisant les outils et langages de descriptions adapt\u00e9s, la structure et le comportement des objets.<br \/>\u00bb Appliquer les principes \u00e9l\u00e9mentaires de l\u2019algorithmique et du codage \u00e0 la r\u00e9solution d\u2019un probl\u00e8me simple.<br \/>\u00bb Identifier le(s) mat\u00e9riau(x), les flux d\u2019\u00e9nergie et d\u2019information sur un objet et d\u00e9crire les transformations qui s\u2019op\u00e8rent.<\/p>\r\n\r\n\r\n\r\n<p><em><strong>Articles associ\u00e9s :<\/strong><\/em> <em><a href=\"https:\/\/technologie-sciarretta.ovh\/?p=739\" target=\"_blank\" rel=\"noreferrer noopener\">les syst\u00e8mes automatis\u00e9s,<\/a> <\/em><a href=\"https:\/\/technologie-sciarretta.ovh\/?p=781\">liste des dossiers<\/a><\/p>\r\n\r\n\r\n\r\n<p><span style=\"color: #ff0000;\"><strong>3\/ Robotique et programmation<\/strong><\/span><\/p>\r\n<p><strong>Points forts :<\/strong> Travail en bin\u00f4me. Programmation des robots Mbot2 avec le logiciel Mblock5.<\/p>\r\n<p>\r\n\r\n<\/p>\r\n<p><strong>Dur\u00e9e \u00e0 titre indicatif :<\/strong> 10 s\u00e9ances<\/p>\r\n<p>\r\n\r\n<\/p>\r\n<p><strong>D\u00e9roul\u00e9 de la s\u00e9quence :<\/strong> s\u00e9ries d&#8217;exercices sur la programmation de robots selon diff\u00e9rentes approches : passer d&#8217;un texte \u00e0 un programme, transformer un programme, passer d&#8217;un logigramme \u00e0 un programme, passer d&#8217;un texte \u00e0 un logigramme \u00e0 un programme, r\u00e9soudre une erreur dans un programme etc&#8230;<\/p>\r\n<p>\r\n\r\n<\/p>\r\n<p>\r\n\r\n<\/p>\r\n<p><strong>Comp\u00e9tences associ\u00e9es : <\/strong>les comp\u00e9tences du bloc &#8220;Concevoir, \u00e9crire, tester et mettre au point un programme<strong><br \/><\/strong><\/p>\r\n<p><em><strong>Articles associ\u00e9s : <\/strong><a href=\"http:\/\/technologie-sciarretta.ovh\/?p=1278\">3 Sc\u00e9narios<\/a><strong>, <\/strong><a href=\"http:\/\/technologie-sciarretta.ovh\/?p=1281\">Ralentissement \u00e0 l&#8217;approche d&#8217;un obstacle<\/a><strong><br \/><\/strong><\/em><\/p>\r\n<p class=\"has-medium-font-size\"><span style=\"color: #ff0000;\"><strong><span class=\"has-inline-color has-vivid-red-color\">4\/ Pr\u00e9paration de l&#8217;oral du brevet<\/span><\/strong><\/span><\/p>\r\n\r\n\r\n\r\n<p>Accompagnement sur la r\u00e9alisation d&#8217;un diaporama, et sur la mani\u00e8re de pr\u00e9senter un oral (attitude, langage, points \u00e0 aborder&#8230;)<\/p>\r\n\r\n\r\n\r\n<p><strong>Dur\u00e9e \u00e0 titre indicatif :<\/strong> 3 s\u00e9ances<\/p>\r\n\r\n\r\n\r\n<p><strong>\u00c9valuations associ\u00e9es :<\/strong> Oral du brevet sur 100pts<\/p>\r\n\r\n\r\n\r\n<p><strong>Comp\u00e9tences associ\u00e9es :<\/strong> \u00bb Exprimer sa pens\u00e9e \u00e0 l\u2019aide d\u2019outils de description adapt\u00e9s : croquis, sch\u00e9mas, graphes, diagrammes, tableaux.<br \/>\u00bb Outils num\u00e9riques de pr\u00e9sentation.<br \/>\u00bb Charte graphique.<br \/>\u00bb Organiser, structurer et stocker des ressources num\u00e9riques.<\/p>\r\n\r\n\r\n\r\n<p><em><strong>Articles associ\u00e9s :<\/strong> <a href=\"https:\/\/technologie-sciarretta.ovh\/?p=783\" target=\"_blank\" rel=\"noreferrer noopener\">conseils pour l&#8217;oral<\/a><\/em><\/p>\r\n\r\n\r\n\r\n<p class=\"has-medium-font-size\"><span class=\"has-inline-color has-vivid-red-color\"><strong>-\/ Programmation &#8211; Scratch<\/strong> &#8211; <strong>En filaire<\/strong><\/span><\/p>\r\n\r\n\r\n\r\n<p>Travail individuel<\/p>\r\n\r\n\r\n\r\n<p>S\u00e9rie d&#8217;exercices sur les boucles, les conditions, les fonctions &#8211; niveau 4<\/p>\r\n\r\n\r\n\r\n<p>Dur\u00e9e \u00e0 titre indicatif : en filaire, selon l&#8217;avanc\u00e9e de l&#8217;\u00e9l\u00e8ve dans les diff\u00e9rentes s\u00e9ances.<\/p>\r\n\r\n\r\n\r\n<p><em><strong>Articles associ\u00e9s :<\/strong><\/em> <em><a href=\"http:\/\/technologie-sciarretta.ovh\/?p=901\" target=\"_blank\" rel=\"noreferrer noopener\">S\u00e9rie d&#8217;exercices<\/a>, <a href=\"http:\/\/technologie-sciarretta.ovh\/?p=267\" target=\"_blank\" rel=\"noreferrer noopener\">Programmer avec Scratch<\/a><\/em><\/p>\r\n","protected":false},"excerpt":{"rendered":"<p>Voici le d\u00e9roulement du programme de 3\u00e8me. Pour des raisons pratiques, l&#8217;ordre des s\u00e9quences peut \u00e9voluer. 1\/ Projet Fus\u00e9e Points forts : Interdisciplinarit\u00e9 avec les sciences physiques. Travail en groupe de 3 ou 4 \u00e9l\u00e8ves, 1 chef d&#8217;\u00e9quipe. CAO et impression 3D. Utilisation de SolidWorks 3D. Sortie &#8220;lancement des fus\u00e9es&#8221; Dur\u00e9e \u00e0 titre indicatif : [&hellip;]<\/p>\n","protected":false},"author":1,"featured_media":0,"parent":0,"menu_order":0,"comment_status":"closed","ping_status":"closed","template":"","meta":{"jetpack_post_was_ever_published":false,"footnotes":""},"class_list":["post-1147","page","type-page","status-publish","hentry"],"yoast_head":"<!-- This site is optimized with the Yoast SEO plugin v24.2 - https:\/\/yoast.com\/wordpress\/plugins\/seo\/ -->\n<title>Progression 3\u00e8me - LA TECHNOLOGIE<\/title>\n<meta name=\"robots\" content=\"index, follow, max-snippet:-1, max-image-preview:large, max-video-preview:-1\" \/>\n<link rel=\"canonical\" href=\"https:\/\/technologie-sciarretta.ovh\/?page_id=1147\" \/>\n<meta property=\"og:locale\" content=\"fr_FR\" \/>\n<meta property=\"og:type\" content=\"article\" \/>\n<meta property=\"og:title\" content=\"Progression 3\u00e8me - LA TECHNOLOGIE\" \/>\n<meta property=\"og:description\" content=\"Voici le d\u00e9roulement du programme de 3\u00e8me. Pour des raisons pratiques, l&#8217;ordre des s\u00e9quences peut \u00e9voluer. 1\/ Projet Fus\u00e9e Points forts : Interdisciplinarit\u00e9 avec les sciences physiques. Travail en groupe de 3 ou 4 \u00e9l\u00e8ves, 1 chef d&#8217;\u00e9quipe. CAO et impression 3D. Utilisation de SolidWorks 3D. Sortie &#8220;lancement des fus\u00e9es&#8221; Dur\u00e9e \u00e0 titre indicatif : [&hellip;]\" \/>\n<meta property=\"og:url\" content=\"https:\/\/technologie-sciarretta.ovh\/?page_id=1147\" \/>\n<meta property=\"og:site_name\" content=\"LA TECHNOLOGIE\" \/>\n<meta property=\"article:modified_time\" content=\"2023-12-05T11:28:17+00:00\" \/>\n<meta name=\"twitter:card\" content=\"summary_large_image\" \/>\n<meta name=\"twitter:label1\" content=\"Dur\u00e9e de lecture estim\u00e9e\" \/>\n\t<meta name=\"twitter:data1\" content=\"4 minutes\" \/>\n<script type=\"application\/ld+json\" class=\"yoast-schema-graph\">{\"@context\":\"https:\/\/schema.org\",\"@graph\":[{\"@type\":\"WebPage\",\"@id\":\"https:\/\/technologie-sciarretta.ovh\/?page_id=1147\",\"url\":\"https:\/\/technologie-sciarretta.ovh\/?page_id=1147\",\"name\":\"Progression 3\u00e8me - LA TECHNOLOGIE\",\"isPartOf\":{\"@id\":\"http:\/\/technologie-sciarretta.ovh\/#website\"},\"datePublished\":\"2020-09-23T08:33:38+00:00\",\"dateModified\":\"2023-12-05T11:28:17+00:00\",\"breadcrumb\":{\"@id\":\"https:\/\/technologie-sciarretta.ovh\/?page_id=1147#breadcrumb\"},\"inLanguage\":\"fr-FR\",\"potentialAction\":[{\"@type\":\"ReadAction\",\"target\":[\"https:\/\/technologie-sciarretta.ovh\/?page_id=1147\"]}]},{\"@type\":\"BreadcrumbList\",\"@id\":\"https:\/\/technologie-sciarretta.ovh\/?page_id=1147#breadcrumb\",\"itemListElement\":[{\"@type\":\"ListItem\",\"position\":1,\"name\":\"Accueil\",\"item\":\"http:\/\/technologie-sciarretta.ovh\/\"},{\"@type\":\"ListItem\",\"position\":2,\"name\":\"Progression 3\u00e8me\"}]},{\"@type\":\"WebSite\",\"@id\":\"http:\/\/technologie-sciarretta.ovh\/#website\",\"url\":\"http:\/\/technologie-sciarretta.ovh\/\",\"name\":\"LA TECHNOLOGIE\",\"description\":\"par M. Sciarretta Antony\",\"potentialAction\":[{\"@type\":\"SearchAction\",\"target\":{\"@type\":\"EntryPoint\",\"urlTemplate\":\"http:\/\/technologie-sciarretta.ovh\/?s={search_term_string}\"},\"query-input\":{\"@type\":\"PropertyValueSpecification\",\"valueRequired\":true,\"valueName\":\"search_term_string\"}}],\"inLanguage\":\"fr-FR\"}]}<\/script>\n<!-- \/ Yoast SEO plugin. -->","yoast_head_json":{"title":"Progression 3\u00e8me - LA TECHNOLOGIE","robots":{"index":"index","follow":"follow","max-snippet":"max-snippet:-1","max-image-preview":"max-image-preview:large","max-video-preview":"max-video-preview:-1"},"canonical":"https:\/\/technologie-sciarretta.ovh\/?page_id=1147","og_locale":"fr_FR","og_type":"article","og_title":"Progression 3\u00e8me - LA TECHNOLOGIE","og_description":"Voici le d\u00e9roulement du programme de 3\u00e8me. Pour des raisons pratiques, l&#8217;ordre des s\u00e9quences peut \u00e9voluer. 1\/ Projet Fus\u00e9e Points forts : Interdisciplinarit\u00e9 avec les sciences physiques. Travail en groupe de 3 ou 4 \u00e9l\u00e8ves, 1 chef d&#8217;\u00e9quipe. CAO et impression 3D. Utilisation de SolidWorks 3D. Sortie &#8220;lancement des fus\u00e9es&#8221; Dur\u00e9e \u00e0 titre indicatif : [&hellip;]","og_url":"https:\/\/technologie-sciarretta.ovh\/?page_id=1147","og_site_name":"LA TECHNOLOGIE","article_modified_time":"2023-12-05T11:28:17+00:00","twitter_card":"summary_large_image","twitter_misc":{"Dur\u00e9e de lecture estim\u00e9e":"4 minutes"},"schema":{"@context":"https:\/\/schema.org","@graph":[{"@type":"WebPage","@id":"https:\/\/technologie-sciarretta.ovh\/?page_id=1147","url":"https:\/\/technologie-sciarretta.ovh\/?page_id=1147","name":"Progression 3\u00e8me - LA TECHNOLOGIE","isPartOf":{"@id":"http:\/\/technologie-sciarretta.ovh\/#website"},"datePublished":"2020-09-23T08:33:38+00:00","dateModified":"2023-12-05T11:28:17+00:00","breadcrumb":{"@id":"https:\/\/technologie-sciarretta.ovh\/?page_id=1147#breadcrumb"},"inLanguage":"fr-FR","potentialAction":[{"@type":"ReadAction","target":["https:\/\/technologie-sciarretta.ovh\/?page_id=1147"]}]},{"@type":"BreadcrumbList","@id":"https:\/\/technologie-sciarretta.ovh\/?page_id=1147#breadcrumb","itemListElement":[{"@type":"ListItem","position":1,"name":"Accueil","item":"http:\/\/technologie-sciarretta.ovh\/"},{"@type":"ListItem","position":2,"name":"Progression 3\u00e8me"}]},{"@type":"WebSite","@id":"http:\/\/technologie-sciarretta.ovh\/#website","url":"http:\/\/technologie-sciarretta.ovh\/","name":"LA TECHNOLOGIE","description":"par M. Sciarretta Antony","potentialAction":[{"@type":"SearchAction","target":{"@type":"EntryPoint","urlTemplate":"http:\/\/technologie-sciarretta.ovh\/?s={search_term_string}"},"query-input":{"@type":"PropertyValueSpecification","valueRequired":true,"valueName":"search_term_string"}}],"inLanguage":"fr-FR"}]}},"jetpack_sharing_enabled":true,"jetpack_shortlink":"https:\/\/wp.me\/P8LETd-iv","jetpack-related-posts":[],"_links":{"self":[{"href":"https:\/\/technologie-sciarretta.ovh\/index.php?rest_route=\/wp\/v2\/pages\/1147","targetHints":{"allow":["GET"]}}],"collection":[{"href":"https:\/\/technologie-sciarretta.ovh\/index.php?rest_route=\/wp\/v2\/pages"}],"about":[{"href":"https:\/\/technologie-sciarretta.ovh\/index.php?rest_route=\/wp\/v2\/types\/page"}],"author":[{"embeddable":true,"href":"https:\/\/technologie-sciarretta.ovh\/index.php?rest_route=\/wp\/v2\/users\/1"}],"replies":[{"embeddable":true,"href":"https:\/\/technologie-sciarretta.ovh\/index.php?rest_route=%2Fwp%2Fv2%2Fcomments&post=1147"}],"version-history":[{"count":16,"href":"https:\/\/technologie-sciarretta.ovh\/index.php?rest_route=\/wp\/v2\/pages\/1147\/revisions"}],"predecessor-version":[{"id":1293,"href":"https:\/\/technologie-sciarretta.ovh\/index.php?rest_route=\/wp\/v2\/pages\/1147\/revisions\/1293"}],"wp:attachment":[{"href":"https:\/\/technologie-sciarretta.ovh\/index.php?rest_route=%2Fwp%2Fv2%2Fmedia&parent=1147"}],"curies":[{"name":"wp","href":"https:\/\/api.w.org\/{rel}","templated":true}]}}