{"id":977,"date":"2020-09-23T09:58:00","date_gmt":"2020-09-23T07:58:00","guid":{"rendered":"http:\/\/technologie-sciarretta.ovh\/?page_id=977"},"modified":"2023-12-14T15:00:55","modified_gmt":"2023-12-14T14:00:55","slug":"progression-5eme","status":"publish","type":"page","link":"https:\/\/technologie-sciarretta.ovh\/?page_id=977","title":{"rendered":"Progression 5\u00e8me"},"content":{"rendered":"<p>Voici le d\u00e9roulement du programme de 5\u00e8me. Pour des raisons pratiques, l&#8217;ordre des s\u00e9quences peut \u00e9voluer.<\/p>\n<p><span style=\"color: #800000;\"><strong>1\/ Architecture &#8211; Habiter dans un conteneur<\/strong><\/span><\/p>\n<p>Travail en groupe de 3 ou 4 \u00e9l\u00e8ves, 1 chef d&#8217;\u00e9quipe.<\/p>\n<p>Dossier num\u00e9rique \u00e0 pr\u00e9senter \u00e0 l&#8217;oral au vid\u00e9oprojecteur.<\/p>\n<p>Utilisation de SweetHome 3D et de la bureautique en ligne.<\/p>\n<p><strong>Dur\u00e9e \u00e0 titre indicatif :<\/strong> 10 s\u00e9ances.<\/p>\n<p><strong>D\u00e9roul\u00e9 de la s\u00e9quence :\u00a0<\/strong>Pr\u00e9sentation du projet, probl\u00e8me socio-\u00e9conomique : le logement \u00e9tudiant, constitution du cahier des charges, analyse fonctionnelle, recherche de solutions, sch\u00e9matisation, r\u00e9alisation d&#8217;une maquette num\u00e9rique, synth\u00e8se, pr\u00e9paration de l&#8217;oral, pr\u00e9sentation orale des dossiers<\/p>\n<p><strong>Comp\u00e9tences associ\u00e9es : <\/strong>&gt;&gt; Mesurer des grandeurs de mani\u00e8re directe ou indirecte.<br \/>\n&gt;&gt; Rechercher des solutions techniques \u00e0 un probl\u00e8me pos\u00e9, expliciter ses choix et les communiquer en argumentant<br \/>\n&gt;&gt; Participer \u00e0 l\u2019organisation et au d\u00e9roulement de projets<br \/>\n&gt;&gt; Identifier un besoin et \u00e9noncer un probl\u00e8me technique, identifier les conditions, contraintes (normes et r\u00e8glements) et ressources correspondantes.<br \/>\n&gt;&gt; Identifier le(s) mat\u00e9riau(x), les flux d\u2019\u00e9nergie et d\u2019information dans le cadre d\u2019une production technique sur un objet et d\u00e9crire les transformations qui s\u2019op\u00e8rent<br \/>\n&gt;&gt; S\u2019approprier un cahier des charges.<br \/>\n&gt;&gt; Associer des solutions techniques \u00e0 des fonctions<br \/>\n&gt;&gt; Imaginer des solutions en r\u00e9ponse au besoin.<br \/>\n&gt;&gt; R\u00e9aliser, de mani\u00e8re collaborative, le prototype de tout ou partie d\u2019un objet pour valider une solution.<br \/>\n&gt;&gt; Exprimer sa pens\u00e9e \u00e0 l\u2019aide d\u2019outils de description adapt\u00e9s : croquis, sch\u00e9mas, graphes, diagrammes, tableaux (repr\u00e9sentations non norm\u00e9es).<br \/>\n&gt;&gt; Traduire, \u00e0 l\u2019aide d\u2019outils de repr\u00e9sentation num\u00e9rique, des choix de solutions sous forme de croquis, de dessins ou de sch\u00e9mas.<br \/>\n&gt;&gt; Pr\u00e9senter \u00e0 l\u2019oral et \u00e0 l\u2019aide de supports num\u00e9riques multim\u00e9dia des solutions techniques au moment des revues de projets<br \/>\n&gt;&gt; Organiser, structurer et stocker des ressources num\u00e9riques.<br \/>\n&gt;&gt; Lire, utiliser et produire des repr\u00e9sentations num\u00e9riques d\u2019objets<br \/>\n&gt;&gt; Analyser l\u2019impact environnemental d\u2019un objet et de ses constituants<\/p>\n<p><strong>Evaluations associ\u00e9es :<\/strong> sch\u00e9matisation, organisation du travail en groupe, maquette num\u00e9rique, synth\u00e8se, oral en groupe<\/p>\n<p><em><strong>Articles associ\u00e9s :\u00a0<\/strong><\/em><em><a href=\"http:\/\/technologie-sciarretta.ovh\/?p=513\" target=\"_blank\" rel=\"noopener noreferrer\">S\u00e9quence &#8220;conteneur&#8221;<\/a>, <a href=\"http:\/\/technologie-sciarretta.ovh\/?p=798\" target=\"_blank\" rel=\"noopener noreferrer\">Quel isolant pour quel usage ?<\/a>, <a href=\"http:\/\/technologie-sciarretta.ovh\/?p=553\" target=\"_blank\" rel=\"noopener noreferrer\">Principe de performance \u00e9nerg\u00e9tique,<\/a> <a href=\"http:\/\/technologie-sciarretta.ovh\/?p=473\" target=\"_blank\" rel=\"noopener noreferrer\">SweetHome 3D<\/a>,\u00a0\u00a0<\/em><\/p>\n<p><span style=\"color: #800000;\"><strong>2\/ Programmation &#8211; Scratch (fait en 6e pour la promo 2023\/2024, mise en place \u00e0 la rentr\u00e9e 2025 pour les nouveaux programmes)<br \/>\n<\/strong><\/span><\/p>\n<p>Travail en bin\u00f4me<\/p>\n<p>S\u00e9rie d&#8217;exercices sur les boucles, les conditions, les fonctions &#8211; niveau 3<\/p>\n<p><strong>Dur\u00e9e \u00e0 titre indicatif :<\/strong> 5 s\u00e9ances<\/p>\n<p><strong>Comp\u00e9tences associ\u00e9es : <\/strong>&gt;&gt; 1 &#8211; Analyser un programme simple fourni et tester s\u2019il r\u00e9pond au besoin ou au probl\u00e8me pos\u00e9.<br \/>\n&gt;&gt; 1 &#8211; Modifier un programme fourni pour r\u00e9pondre au besoin ou \u00e0 un probl\u00e8me pos\u00e9.<br \/>\n&gt;&gt; 2 &#8211; Modifier un algorithme permettant de r\u00e9pondre au besoin ou au probl\u00e8me pos\u00e9.<strong><br \/>\n<\/strong><\/p>\n<p><strong>Evaluations associ\u00e9es :<\/strong> exercices sur les boucles, les conditions, l&#8217;appel de fonctions<\/p>\n<p><em><strong>Articles associ\u00e9s :\u00a0<\/strong><\/em><em><a href=\"http:\/\/technologie-sciarretta.ovh\/?p=901\" target=\"_blank\" rel=\"noopener noreferrer\">S\u00e9rie d&#8217;exercices<\/a>, <a href=\"http:\/\/technologie-sciarretta.ovh\/?p=267\" target=\"_blank\" rel=\"noopener noreferrer\">Programmer avec Scratch<\/a><\/em><\/p>\n<p><span style=\"color: #800000;\"><strong>3\/ Robotique et programmation<br \/>\n<\/strong><\/span><\/p>\n<p><strong>D\u00e9roulement de la s\u00e9quence :<\/strong> Algorithme et Logigramme, Notion de capteurs et actionneurs, \u00c9tude fonctionnelle du robot Mbot2, Programmation de robots Mblock2 sur Mblock5<\/p>\n<p><strong>Dur\u00e9e \u00e0 titre indicatif :<\/strong> 8 s\u00e9ances<\/p>\n<p><strong>Comp\u00e9tences associ\u00e9es :<\/strong>&gt;&gt; 1 &#8211; Identifier des constituants de la cha\u00eene d\u2019information d\u2019un OST (l\u2019organisation de la cha\u00eene d\u2019information \u00e9tant fournie).<br \/>\n&gt;&gt; 2 &#8211; Identifier les constituants de la cha\u00eene d\u2019information d\u2019un objet r\u00e9el et les associer \u00e0 leur fonction<br \/>\n&gt;&gt; 3 &#8211; D\u00e9crire un OST en caract\u00e9risant sa cha\u00eene d\u2019information<br \/>\n&gt;&gt; 1 &#8211; Identifier les donn\u00e9es utilis\u00e9es et produites par le programme associ\u00e9 \u00e0 une fonctionnalit\u00e9 d\u2019un OST (\u00e0 partir d\u2019un<br \/>\nprogramme existant).<br \/>\n&gt;&gt; 1 &#8211; Comprendre et traduire en un algorithme en langage naturel le programme associ\u00e9 \u00e0 une fonctionnalit\u00e9 d\u2019un OST.<br \/>\n&gt;&gt; 1 &#8211; Modifier les param\u00e8tres d\u2019un programme et identifier ou \u00e9valuer ses effets en termes de fonctionnalit\u00e9<br \/>\n&gt;&gt; 2 &#8211; Analyser les donn\u00e9es et en d\u00e9duire des modifications \u00e0 apporter au programme.<br \/>\n&gt;&gt; 2 &#8211; Compl\u00e9ter un programme pour r\u00e9pondre \u00e0 une fonctionnalit\u00e9 d\u2019un OST.<br \/>\n&gt;&gt; 2 &#8211; Tester et valider, dans un environnement simul\u00e9 ou r\u00e9el, une modification du programme.<br \/>\n&gt;&gt; 1 &#8211; Analyser un programme simple fourni et tester s\u2019il r\u00e9pond au besoin ou au probl\u00e8me pos\u00e9.<br \/>\n&gt;&gt; 1 &#8211; Modifier un programme fourni pour r\u00e9pondre au besoin ou \u00e0 un probl\u00e8me pos\u00e9.<br \/>\n&gt;&gt; 1 &#8211; R\u00e9aliser et mettre au point un programme simple commandant un OST.<br \/>\n&gt;&gt; 2 &#8211; Modifier un algorithme permettant de r\u00e9pondre au besoin ou au probl\u00e8me pos\u00e9.<br \/>\n&gt;&gt; 2 &#8211; Traduire un algorithme permettant de r\u00e9pondre \u00e0 un besoin ou \u00e0 probl\u00e8me simple en un programme.<\/p>\n<p><em><strong>Articles associ\u00e9s : <a href=\"http:\/\/technologie-sciarretta.ovh\/?p=1271\">Mbot2 pr\u00e9sentation<\/a>, <\/strong><\/em><em><strong><a href=\"http:\/\/technologie-sciarretta.ovh\/?p=1298\">Logigrammes,<\/a> <a href=\"http:\/\/technologie-sciarretta.ovh\/?p=1317\">Programmes basiques<\/a>, <a href=\"http:\/\/technologie-sciarretta.ovh\/?p=1303\">Logigrammes basiques<\/a>, <a href=\"http:\/\/technologie-sciarretta.ovh\/?p=1281\">Ralentissement Obstacles<\/a>, 3 programmes \u00e0 corriger, Cha\u00eene d&#8217;information du Mbot2<br \/>\n<\/strong><\/em><\/p>\n<p><span style=\"color: #800000;\"><strong>4\/ IA : Danger ou progr\u00e8s ? Les exemples de la Tesla et de Open AI ou Chat GPT<br \/>\n<\/strong><\/span><\/p>\n<p><strong>D\u00e9roulement de la s\u00e9quence : <\/strong>R\u00e9alisation d&#8217;une exposition d&#8217;articles de presse &#8220;Fake News&#8221; (R\u00e9daction des articles en cours de Fran\u00e7ais, mise en page de l&#8217;article et g\u00e9n\u00e9ration de photos g\u00e9n\u00e9r\u00e9s par une AI en cours de technologie, r\u00e9flexion sur les impacts soci\u00e9taux, sur l&#8217;\u00e9volution de certains m\u00e9tiers<strong>) &#8211; <\/strong>Etude de l&#8217;OST : La Tesla (Etude la cha\u00eene d&#8217;information de la cha\u00eene d&#8217;\u00e9nergie, des capacit\u00e9s de l&#8217;IA int\u00e9gr\u00e9, l&#8217;\u00e9volution de la voiture, sa r\u00e9glementation et les impacts sur la soci\u00e9t\u00e9)<strong><br \/>\n<\/strong><\/p>\n<p><strong>Comp\u00e9tences associ\u00e9es : <\/strong>&gt;&gt; 1 &#8211; Identifier des constituants de la cha\u00eene d\u2019information d\u2019un OST (l\u2019organisation de la cha\u00eene d\u2019information \u00e9tant fournie).<br \/>\n&gt;&gt; 1 &#8211; D\u00e9crire le r\u00f4le des syst\u00e8mes d\u2019information dans le partage d\u2019information<br \/>\n&gt;&gt; 1 &#8211; Recenser des donn\u00e9es, les identifier, les classer, les repr\u00e9senter, les stocker, les retrouver dans une arborescence.<br \/>\n&gt;&gt; 1 &#8211; Identifier les bons usages (cybers\u00e9curit\u00e9).<br \/>\n&gt;&gt; 1 &#8211; Appr\u00e9hender la responsabilit\u00e9 de chacun dans les d\u00e9rives (cyberviolence, atteinte \u00e0 la vie priv\u00e9e, aux donn\u00e9es personnelles, usurpation d\u2019identit\u00e9).<br \/>\n&gt;&gt; 2 &#8211; Identifier et appliquer les r\u00e8gles pour un usage raisonn\u00e9 des objets communicants et des environnements num\u00e9riques<br \/>\n&gt;&gt; 3 &#8211; Exprimer dans un argumentaire court le r\u00f4le du d\u00e9veloppement strat\u00e9gique du num\u00e9rique au sein de la soci\u00e9t\u00e9 et des environnements professionnels (ou des m\u00e9tiers).<br \/>\n&gt;&gt; 1 &#8211; Enrichir une veille scientifique et technologique (collecter, trier et analyser des donn\u00e9es).<br \/>\n&gt;&gt; 1 &#8211; Comparer des principes techniques pour une m\u00eame fonction technique.<br \/>\n&gt;&gt; 2 &#8211; Mettre en relation les OST avec leurs usages.<br \/>\n&gt;&gt; 2 &#8211; Identifier les avantages et les inconv\u00e9nients associ\u00e9s aux \u00e9volutions technologiques et informatiques.<br \/>\n&gt;&gt; 2 &#8211; Justifier l\u2019\u00e9volution d\u2019un OST pour r\u00e9pondre \u00e0 l\u2019\u00e9volution des besoins.<br \/>\n&gt;&gt; 3 &#8211; Distinguer invention et \u00e9volution innovante d\u2019un OST.<br \/>\n&gt;&gt; 3 &#8211; Identifier les innovations de rupture qui sont attach\u00e9es \u00e0 l\u2019\u00e9volution d\u2019un OST.<br \/>\n&gt;&gt; 3 &#8211; Mettre en relation une d\u00e9couverte scientifique avec ses d\u00e9veloppements technologiques et leurs effets sur la soci\u00e9t\u00e9.<br \/>\n&gt;&gt; 3 &#8211; Exprimer dans un argumentaire court l\u2019incidence d\u2019un OST sur la soci\u00e9t\u00e9.<br \/>\n&gt;&gt; 3 &#8211; Exprimer dans un argumentaire court l\u2019incidence des contraintes soci\u00e9tales sur les OST.<strong><br \/>\n<\/strong><strong><br \/>\n<\/strong><\/p>\n<p><strong>Dur\u00e9e \u00e0 titre indicatif :<\/strong> 8 s\u00e9ances<\/p>\n<p><em><strong>Articles associ\u00e9s :\u00a0<\/strong><\/em><\/p>\n<p><span style=\"color: #800000;\"><strong>5\/ Le r\u00e9seau informatique<\/strong><\/span><\/p>\n","protected":false},"excerpt":{"rendered":"<p>Voici le d\u00e9roulement du programme de 5\u00e8me. Pour des raisons pratiques, l&#8217;ordre des s\u00e9quences peut \u00e9voluer. 1\/ Architecture &#8211; Habiter dans un conteneur Travail en groupe de 3 ou 4 \u00e9l\u00e8ves, 1 chef d&#8217;\u00e9quipe. Dossier num\u00e9rique \u00e0 pr\u00e9senter \u00e0 l&#8217;oral au vid\u00e9oprojecteur. Utilisation de SweetHome 3D et de la bureautique en ligne. Dur\u00e9e \u00e0 titre [&hellip;]<\/p>\n","protected":false},"author":1,"featured_media":0,"parent":0,"menu_order":0,"comment_status":"closed","ping_status":"closed","template":"","meta":{"jetpack_post_was_ever_published":false,"footnotes":""},"class_list":["post-977","page","type-page","status-publish","hentry"],"yoast_head":"<!-- This site is optimized with the Yoast SEO plugin v24.2 - https:\/\/yoast.com\/wordpress\/plugins\/seo\/ -->\n<title>Progression 5\u00e8me - LA TECHNOLOGIE<\/title>\n<meta name=\"robots\" content=\"index, follow, max-snippet:-1, max-image-preview:large, max-video-preview:-1\" \/>\n<link rel=\"canonical\" href=\"http:\/\/technologie-sciarretta.ovh\/?page_id=977\" \/>\n<meta property=\"og:locale\" content=\"fr_FR\" \/>\n<meta property=\"og:type\" content=\"article\" \/>\n<meta property=\"og:title\" content=\"Progression 5\u00e8me - LA TECHNOLOGIE\" \/>\n<meta property=\"og:description\" content=\"Voici le d\u00e9roulement du programme de 5\u00e8me. Pour des raisons pratiques, l&#8217;ordre des s\u00e9quences peut \u00e9voluer. 1\/ Architecture &#8211; Habiter dans un conteneur Travail en groupe de 3 ou 4 \u00e9l\u00e8ves, 1 chef d&#8217;\u00e9quipe. Dossier num\u00e9rique \u00e0 pr\u00e9senter \u00e0 l&#8217;oral au vid\u00e9oprojecteur. Utilisation de SweetHome 3D et de la bureautique en ligne. Dur\u00e9e \u00e0 titre [&hellip;]\" \/>\n<meta property=\"og:url\" content=\"http:\/\/technologie-sciarretta.ovh\/?page_id=977\" \/>\n<meta property=\"og:site_name\" content=\"LA TECHNOLOGIE\" \/>\n<meta property=\"article:modified_time\" content=\"2023-12-14T14:00:55+00:00\" \/>\n<meta name=\"twitter:card\" content=\"summary_large_image\" \/>\n<meta name=\"twitter:label1\" content=\"Dur\u00e9e de lecture estim\u00e9e\" \/>\n\t<meta name=\"twitter:data1\" content=\"6 minutes\" \/>\n<script type=\"application\/ld+json\" class=\"yoast-schema-graph\">{\"@context\":\"https:\/\/schema.org\",\"@graph\":[{\"@type\":\"WebPage\",\"@id\":\"http:\/\/technologie-sciarretta.ovh\/?page_id=977\",\"url\":\"http:\/\/technologie-sciarretta.ovh\/?page_id=977\",\"name\":\"Progression 5\u00e8me - LA TECHNOLOGIE\",\"isPartOf\":{\"@id\":\"http:\/\/technologie-sciarretta.ovh\/#website\"},\"datePublished\":\"2020-09-23T07:58:00+00:00\",\"dateModified\":\"2023-12-14T14:00:55+00:00\",\"breadcrumb\":{\"@id\":\"http:\/\/technologie-sciarretta.ovh\/?page_id=977#breadcrumb\"},\"inLanguage\":\"fr-FR\",\"potentialAction\":[{\"@type\":\"ReadAction\",\"target\":[\"http:\/\/technologie-sciarretta.ovh\/?page_id=977\"]}]},{\"@type\":\"BreadcrumbList\",\"@id\":\"http:\/\/technologie-sciarretta.ovh\/?page_id=977#breadcrumb\",\"itemListElement\":[{\"@type\":\"ListItem\",\"position\":1,\"name\":\"Accueil\",\"item\":\"http:\/\/technologie-sciarretta.ovh\/\"},{\"@type\":\"ListItem\",\"position\":2,\"name\":\"Progression 5\u00e8me\"}]},{\"@type\":\"WebSite\",\"@id\":\"http:\/\/technologie-sciarretta.ovh\/#website\",\"url\":\"http:\/\/technologie-sciarretta.ovh\/\",\"name\":\"LA TECHNOLOGIE\",\"description\":\"par M. Sciarretta Antony\",\"potentialAction\":[{\"@type\":\"SearchAction\",\"target\":{\"@type\":\"EntryPoint\",\"urlTemplate\":\"http:\/\/technologie-sciarretta.ovh\/?s={search_term_string}\"},\"query-input\":{\"@type\":\"PropertyValueSpecification\",\"valueRequired\":true,\"valueName\":\"search_term_string\"}}],\"inLanguage\":\"fr-FR\"}]}<\/script>\n<!-- \/ Yoast SEO plugin. -->","yoast_head_json":{"title":"Progression 5\u00e8me - LA TECHNOLOGIE","robots":{"index":"index","follow":"follow","max-snippet":"max-snippet:-1","max-image-preview":"max-image-preview:large","max-video-preview":"max-video-preview:-1"},"canonical":"http:\/\/technologie-sciarretta.ovh\/?page_id=977","og_locale":"fr_FR","og_type":"article","og_title":"Progression 5\u00e8me - LA TECHNOLOGIE","og_description":"Voici le d\u00e9roulement du programme de 5\u00e8me. Pour des raisons pratiques, l&#8217;ordre des s\u00e9quences peut \u00e9voluer. 1\/ Architecture &#8211; Habiter dans un conteneur Travail en groupe de 3 ou 4 \u00e9l\u00e8ves, 1 chef d&#8217;\u00e9quipe. Dossier num\u00e9rique \u00e0 pr\u00e9senter \u00e0 l&#8217;oral au vid\u00e9oprojecteur. Utilisation de SweetHome 3D et de la bureautique en ligne. Dur\u00e9e \u00e0 titre [&hellip;]","og_url":"http:\/\/technologie-sciarretta.ovh\/?page_id=977","og_site_name":"LA TECHNOLOGIE","article_modified_time":"2023-12-14T14:00:55+00:00","twitter_card":"summary_large_image","twitter_misc":{"Dur\u00e9e de lecture estim\u00e9e":"6 minutes"},"schema":{"@context":"https:\/\/schema.org","@graph":[{"@type":"WebPage","@id":"http:\/\/technologie-sciarretta.ovh\/?page_id=977","url":"http:\/\/technologie-sciarretta.ovh\/?page_id=977","name":"Progression 5\u00e8me - LA TECHNOLOGIE","isPartOf":{"@id":"http:\/\/technologie-sciarretta.ovh\/#website"},"datePublished":"2020-09-23T07:58:00+00:00","dateModified":"2023-12-14T14:00:55+00:00","breadcrumb":{"@id":"http:\/\/technologie-sciarretta.ovh\/?page_id=977#breadcrumb"},"inLanguage":"fr-FR","potentialAction":[{"@type":"ReadAction","target":["http:\/\/technologie-sciarretta.ovh\/?page_id=977"]}]},{"@type":"BreadcrumbList","@id":"http:\/\/technologie-sciarretta.ovh\/?page_id=977#breadcrumb","itemListElement":[{"@type":"ListItem","position":1,"name":"Accueil","item":"http:\/\/technologie-sciarretta.ovh\/"},{"@type":"ListItem","position":2,"name":"Progression 5\u00e8me"}]},{"@type":"WebSite","@id":"http:\/\/technologie-sciarretta.ovh\/#website","url":"http:\/\/technologie-sciarretta.ovh\/","name":"LA TECHNOLOGIE","description":"par M. Sciarretta Antony","potentialAction":[{"@type":"SearchAction","target":{"@type":"EntryPoint","urlTemplate":"http:\/\/technologie-sciarretta.ovh\/?s={search_term_string}"},"query-input":{"@type":"PropertyValueSpecification","valueRequired":true,"valueName":"search_term_string"}}],"inLanguage":"fr-FR"}]}},"jetpack_sharing_enabled":true,"jetpack_shortlink":"https:\/\/wp.me\/P8LETd-fL","jetpack-related-posts":[],"_links":{"self":[{"href":"https:\/\/technologie-sciarretta.ovh\/index.php?rest_route=\/wp\/v2\/pages\/977","targetHints":{"allow":["GET"]}}],"collection":[{"href":"https:\/\/technologie-sciarretta.ovh\/index.php?rest_route=\/wp\/v2\/pages"}],"about":[{"href":"https:\/\/technologie-sciarretta.ovh\/index.php?rest_route=\/wp\/v2\/types\/page"}],"author":[{"embeddable":true,"href":"https:\/\/technologie-sciarretta.ovh\/index.php?rest_route=\/wp\/v2\/users\/1"}],"replies":[{"embeddable":true,"href":"https:\/\/technologie-sciarretta.ovh\/index.php?rest_route=%2Fwp%2Fv2%2Fcomments&post=977"}],"version-history":[{"count":17,"href":"https:\/\/technologie-sciarretta.ovh\/index.php?rest_route=\/wp\/v2\/pages\/977\/revisions"}],"predecessor-version":[{"id":1321,"href":"https:\/\/technologie-sciarretta.ovh\/index.php?rest_route=\/wp\/v2\/pages\/977\/revisions\/1321"}],"wp:attachment":[{"href":"https:\/\/technologie-sciarretta.ovh\/index.php?rest_route=%2Fwp%2Fv2%2Fmedia&parent=977"}],"curies":[{"name":"wp","href":"https:\/\/api.w.org\/{rel}","templated":true}]}}